{"id":21318,"date":"2025-09-09T14:21:24","date_gmt":"2025-09-09T17:21:24","guid":{"rendered":"http:\/\/www.ballou.com.ar\/?product=21318"},"modified":"2025-09-09T14:21:25","modified_gmt":"2025-09-09T17:21:25","slug":"velitas-cumpleanos-mag-surt-bl-x-10","status":"publish","type":"product","link":"https:\/\/www.ballou.com.ar\/?product=velitas-cumpleanos-mag-surt-bl-x-10","title":{"rendered":"VELITAS CUMPLEA\u00d1OS MAG. SURT BL. X 10"},"content":{"rendered":"<p>VELITAS CUMPLEA\u00d1OS MAG. SURT BL. X 10","protected":false},"excerpt":{"rendered":"<p>VELITAS CUMPLEA\u00d1OS MAG. SURT BL. X 10<\/p>\n","protected":false},"featured_media":8464,"template":"","meta":{"_joinchat":[]},"product_cat":[366],"product_tag":[],"class_list":{"0":"post-21318","1":"product","2":"type-product","3":"status-publish","4":"has-post-thumbnail","6":"product_cat-velas","8":"first","9":"instock","10":"purchasable","11":"product-type-simple"},"_links":{"self":[{"href":"https:\/\/www.ballou.com.ar\/index.php?rest_route=\/wp\/v2\/product\/21318","targetHints":{"allow":["GET"]}}],"collection":[{"href":"https:\/\/www.ballou.com.ar\/index.php?rest_route=\/wp\/v2\/product"}],"about":[{"href":"https:\/\/www.ballou.com.ar\/index.php?rest_route=\/wp\/v2\/types\/product"}],"wp:featuredmedia":[{"embeddable":true,"href":"https:\/\/www.ballou.com.ar\/index.php?rest_route=\/wp\/v2\/media\/8464"}],"wp:attachment":[{"href":"https:\/\/www.ballou.com.ar\/index.php?rest_route=%2Fwp%2Fv2%2Fmedia&parent=21318"}],"wp:term":[{"taxonomy":"product_cat","embeddable":true,"href":"https:\/\/www.ballou.com.ar\/index.php?rest_route=%2Fwp%2Fv2%2Fproduct_cat&post=21318"},{"taxonomy":"product_tag","embeddable":true,"href":"https:\/\/www.ballou.com.ar\/index.php?rest_route=%2Fwp%2Fv2%2Fproduct_tag&post=21318"}],"curies":[{"name":"wp","href":"https:\/\/api.w.org\/{rel}","templated":true}]}}