{"id":20862,"date":"2025-09-09T14:18:09","date_gmt":"2025-09-09T17:18:09","guid":{"rendered":"http:\/\/www.ballou.com.ar\/?product=mono-mini-rapido-pers-bolsa-x-100-u-2"},"modified":"2025-09-09T14:18:15","modified_gmt":"2025-09-09T17:18:15","slug":"mono-mini-rapido-pers-bolsa-x-100-u","status":"publish","type":"product","link":"https:\/\/www.ballou.com.ar\/?product=mono-mini-rapido-pers-bolsa-x-100-u","title":{"rendered":"MO\u00d1O MINI RAPIDO PERS. BOLSA X 100 U."},"content":{"rendered":"<p>MO\u00d1O MINI RAPIDO PERS. BOLSA X 100 U.","protected":false},"excerpt":{"rendered":"<p>MO\u00d1O MINI RAPIDO PERS. BOLSA X 100 U.<\/p>\n","protected":false},"featured_media":0,"template":"","meta":{"_joinchat":[]},"product_brand":[],"product_cat":[312,319],"product_tag":[],"class_list":{"0":"post-20862","1":"product","2":"type-product","3":"status-publish","5":"product_cat-mono-rapido","6":"product_cat-rapido-pers","8":"first","9":"instock","10":"purchasable","11":"product-type-simple"},"_links":{"self":[{"href":"https:\/\/www.ballou.com.ar\/index.php?rest_route=\/wp\/v2\/product\/20862","targetHints":{"allow":["GET"]}}],"collection":[{"href":"https:\/\/www.ballou.com.ar\/index.php?rest_route=\/wp\/v2\/product"}],"about":[{"href":"https:\/\/www.ballou.com.ar\/index.php?rest_route=\/wp\/v2\/types\/product"}],"wp:attachment":[{"href":"https:\/\/www.ballou.com.ar\/index.php?rest_route=%2Fwp%2Fv2%2Fmedia&parent=20862"}],"wp:term":[{"taxonomy":"product_brand","embeddable":true,"href":"https:\/\/www.ballou.com.ar\/index.php?rest_route=%2Fwp%2Fv2%2Fproduct_brand&post=20862"},{"taxonomy":"product_cat","embeddable":true,"href":"https:\/\/www.ballou.com.ar\/index.php?rest_route=%2Fwp%2Fv2%2Fproduct_cat&post=20862"},{"taxonomy":"product_tag","embeddable":true,"href":"https:\/\/www.ballou.com.ar\/index.php?rest_route=%2Fwp%2Fv2%2Fproduct_tag&post=20862"}],"curies":[{"name":"wp","href":"https:\/\/api.w.org\/{rel}","templated":true}]}}